).
7
Let s(g) = g - 1. Let m(n) = 14*n - 12. Let x(a) = m(a) - 12*s(a). Calculate x(3).
6
Let z(b) = -2*b**3. Let j be (-5)/(-35) + 34/7. Suppose -6*s + j = -s. Give z(s).
-2
Let t(v) be the second derivative of -5*v**4/12 - v**3/3 - v**2/2 + 8*v. Give t(-1).
-4
Let r(o) = 1. Let y(b) = 3*b**3 - 2. Let h(f) = 3*r(f) + y(f). Give h(-1).
-2
Let b(f) = -f**3 + 5*f**2 - 6*f + 1. Let h(p) = p**2 + 12*p + 11. Let w be h(-10). Let y = w + 13. Determine b(y).
-7
Let u(g) = -g**3 - g**2 + 1. Suppose -2*i + i = -4. Suppose -16 = -2*w - 2*w. Let t = i - w. What is u(t)?
1
Let h(w) = -w - 1. Let j(y) = -8*y + 5. Let x(n) = 4*h(n) - j(n). Let f(a) = -3*a + 8. Let r(s) = -5*f(s) - 4*x(s). Determine r(-4).
0
Let s = -4 + 8. Let v(m) = 8*m**2 - 3*m - 1. Let o(g) = -7*g**2 + 2*g + 1. Let h(t) = s*v(t) + 5*o(t). Let w = 0 + 1. Give h(w).
-4
Let d be -2 + (2 - 1) + 29. Suppose -s = 3*s - d. Let r be 8/28 - 16/s. Let y(t) = -t**3 + t - 1. What is y(r)?
5
Let g(q) = 8*q**3 - 2*q**2 + 1. Suppose 8*b - 2 + 10 = 0. Determine g(b).
-9
Suppose -3*x - 7 - 2 = 0. Let t = x + 7. Let a be t/(-8) - (-3)/(-6). Let m(i) = 9*i**2 + 2*i + 1. What is m(a)?
8
Let i(j) be the first derivative of 3 + 0*j**3 - 1/4*j**4 - 4*j + 1/2*j**2. Suppose a - 4*a = 0. Calculate i(a).
-4
Let x(i) = -3*i + 5*i - 7 + 0*i. What is x(5)?
3
Let s = -4 - -7. Let j(m) = -m**2 + 2*m. Determine j(s).
-3
Let d(s) = -s + 2. Let v = -12 - -16. Calculate d(v).
-2
Let y(v) = -6*v**3 + 11*v**2 - 5*v + 8. Let h(p) = -p**3 + p**2 - p + 1. Let j(k) = -5*h(k) + y(k). Give j(6).
3
Let f(w) = -w**3 - w - 1. Let v(b) = -2*b**3 - 3*b**2 - 4. Let s(m) = 3*f(m) - v(m). What is s(2)?
-1
Let y(g) be the third derivative of -g**6/120 + g**5/60 - 2*g**2. Let a = 5 - 5. Suppose -2*p + 2 + a = 0. What is y(p)?
0
Let a(p) = -5*p**3 + 7*p**3 - 5 - p - 3*p**3 + 5*p**2. Calculate a(4).
7
Let i be 1*(4 - (-5 + 9)). Let u(x) = x**3 + x**2 + x - 6. Give u(i).
-6
Let y(s) be the first derivative of -s**4/4 + 7*s**3/3 - 3*s**2 + 6*s + 2. Suppose -u + 4 = -8. Let v be (4/u)/(2/36). Give y(v).
6
Let w(a) = -2*a**2 - a + 3. Let s(t) = -3*t**2 - 2*t + 4. Let c = -17 + 13. Let x(y) = c*w(y) + 3*s(y). What is x(-1)?
1
Let l be (-4)/(-2)*(0 + 2). Suppose -30 = -l*u - u. Let p(s) = -s**2 + 6*s - 2. Give p(u).
-2
Let k(d) = d**2 - 4*d - 4. Let t = -69 + 73. Determine k(t).
-4
Let p(b) = b**3 + 2*b**2 - 6*b - 1. Suppose 5*g + 96 = 6. Let y = g - -14. Give p(y).
-9
Let n(s) = s**2 - 4*s - 4. Let m be n(5). Let c(h) = 6*h**3 + 3*h**2 + 3*h + 5. Let x(a) = a**3 - a**2 - a. Let u(p) = m*c(p) - 5*x(p). Determine u(-7).
-2
Let r = -2 - -4. Let q(f) = -3*f + 2*f**r - f**3 - f**2 - 6 + 6*f**2. Determine q(6).
12
Let t(f) = f + 1. Let c = -25 + 27. What is t(c)?
3
Let x(j) = 22*j + 1 - 12 - 7*j - 13*j. What is x(6)?
1
Suppose 26 = -2*v - 5*s + 3, -3*s - 15 = 0. Let b = v - -3. Let r(l) = l**3 - 4*l**2 + l - 2. Give r(b).
2
Let g be 1/(3 + 42/(-15)). Suppose 4*p - 2*o - 47 = o, -5*o = -p + 16. Suppose -g*y + p = 3*x + 3, 4*y = 4. Let a(s) = 3*s**2 + s - 1. Give a(x).
3
Let r(o) = -2*o**2 + 2*o - 1. Suppose -5*z = 2*y - 67, y - 2*z - 2*z = 14. Suppose 5*h = 3*q - y, -4*q + 3*h + 0 + 20 = 0. Calculate r(q).
-5
Let j(o) = o**3 + 6*o**2 - 8*o - 4. Let t(r) = -r**3 - 6*r**2 + 8*r + 4. Let p(d) = -4*j(d) - 3*t(d). What is p(-7)?
-3
Let k(d) = 2*d - 13. Let g(x) = -x + 2. Let l(i) = 6*g(i) + k(i). Calculate l(-1).
3
Suppose -3*p - 6 - 9 = -3*v, 0 = 3*v + 3*p - 21. Let n be 66/15 + v/(-15). Let c(d) = d - 2. Determine c(n).
2
Let s be (88/11)/(1/1). Let j(m) = -m**2 + 7*m - 3. Calculate j(s).
-11
Let t(j) be the first derivative of -1 + 2/3*j**3 + 3*j - 2*j**2. Determine t(2).
3
Let z(w) = w**2. Let p = 83 + -85. Determine z(p).
4
Let w(x) = -x**3 + 5*x**2 - 4*x + 1. Let y = -14 + 17. Let r be w(y). Let o(l) = -l + 7. Determine o(r).
0
Let s = 0 + -1. Let x be s/5 - (-102)/10. Suppose 5*n = 4*i + 38, 3*n + i - x = n. Let l(r) = -r**3 + 6*r**2 - 4. Determine l(n).
-4
Let u(w) = -4*w - 3. Suppose -r + 3*i + 2*i + 29 = 0, 5*i + 57 = 3*r. Let c(q) = 9*q + 7. Let o(n) = r*u(n) + 6*c(n). Calculate o(-1).
2
Suppose 0*j = 5*j. Let i(h) = 3 - 4*h**2 + j*h**2 - h**3 + 2*h + 2*h**3 - 6. What is i(3)?
-6
Let p(f) = f + 1. Suppose 0 = -4*t - t + 110. Suppose -y - 5*z = t, -5*z - 10 = -3*z. Suppose 8 = 5*c - 2, y*d = 3*c. Calculate p(d).
3
Let a(z) = -2*z**2 - z + 3. Let q be a(3). Let x = 16 + q. Let s(f) = -f - 3. Give s(x).
-1
Let d = 10 + -8. Let v(k) = 2*k + 1 + d + 4*k - k. Give v(-2).
-7
Let l(q) = -q - 11. Suppose 0 = -3*g + 4*g + 6. Determine l(g).
-5
Suppose -x = -3*g + 2*g + 2, -2*x - 4 = -g. Let i(q) = q**3 + q - 6. Determine i(g).
-6
Let u be (10/(-20))/((-1)/(-10)). Let i(o) = -o**2 - 7*o - 7. What is i(u)?
3
Let z(p) = -p - 8. Let x(m) = 1. Let j(w) = 24*x(w) + 3*z(w). Let g be (-1)/(-3) + 19/(-3). Let f(h) = h**2 + 7*h + 4. Let t be f(g). What is j(t)?
6
Let s(j) = -14 - 4*j + 34 - 24. What is s(-3)?
8
Let b(w) = 4*w + 4. Let p = 66 + -69. What is b(p)?
-8
Let z be (-18)/(-6)*(-2)/(-3). Let d(p) = 1 + p**3 + 4 + 6*p**z + 2*p - p. What is d(-6)?
-1
Let x(o) = o**2 - 3*o - 2. Suppose 4 = -2*y + 14. Determine x(y).
8
Let v(i) be the third derivative of -i**4/6 - i**3/2 - 15*i**2 - 2*i. Determine v(-4).
13
Let v(d) = -d**2 + 3*d - 1. Let x be v(2). Let b(m) = x - 5*m + m + 2*m. Give b(5).
-9
Suppose 12 = -2*k + 4*k. Let t(s) be the second derivative of 0 - 1/2*s**2 + 1/6*s**3 - 5*s. Calculate t(k).
5
Let u(s) = -s**3 + 8*s**2 - 6*s - 10. Let x be -3 - 1 - 77/(-7). Give u(x).
-3
Suppose -5*p = -0*p - 15. Let y(q) = q**2 - q - 2. Determine y(p).
4
Let a(k) = -k - 2. Let t(l) = -2*l**2 + 4*l - 2. Let n be t(2). Determine a(n).
0
Let r(w) = -w**2 + 13. Suppose -3*m = 3*d + 9, 0 = -3*m - 0*m - d - 3. Determine r(m).
13
Suppose -p - 4 = -2. Let g(q) = q**2 + 3*q + 3*q - 2*q. Calculate g(p).
-4
Let f(s) = -s. Let x(j) = 31 - 31 + 4*j + 5*j**2 - j**3. Let q be x(5). Let o be ((-14)/35)/((-2)/q). Calculate f(o).
-4
Let m(t) = t**2 + t - 7. Let f(z) = -z**2 + 8. Let u(w) = 3*f(w) + 4*m(w). What is u(-6)?
8
Let k(g) = -2*g + 2. Let i(r) = 14*r - 10. Let s be i(1). Give k(s).
-6
Let u(s) = -s**2 - s + 8. Suppose 6*z = 5*z. Determine u(z).
8
Let h(f) = -f**3 - f + 6. Let a be ((-9)/3 - -5) + 2. Suppose 4*i + 4 = 0, -5*i = -2*y + a + 1. Give h(y).
6
Let r be (-2 + 15/6)*8. Suppose 25 = r*m - 5*x, m + 3*x - 5*x - 7 = 0. Let h(i) be the third derivative of -i**4/24 + 7*i**3/6 - i**2. Calculate h(m).
2
Let i(b) = 11*b - 21. Let j = 1 - 7. Let q(c) = -5*c + 10. Let s(g) = j*i(g) - 13*q(g). Give s(-4).
0
Let u(g) = 4*g + 3*g - 9*g - 1 - g. Calculate u(1).
-4
Let a(z) = -z**2 + 6*z + 3. Let x be (-42)/4*4/(-6). Give a(x).
-4
Let n(q) = q**3 - 5*q**2 - 4*q + 1. Suppose -31 + 7 = -4*s. Calculate n(s).
13
Let l(c) be the second derivative of -c**3/2 + c**2 + 22*c. What is l(-3)?
11
Let n(i) = -i**3 - 4*i**2 + 6*i - 1. Let f(c) = 3*c - 3. Let m be f(4). Let q(u) = -u**2 + 7*u + 13. Let v be q(m). Calculate n(v).
-6
Let y(t) be the second derivative of -t**5/60 + t**4/6 + 7*t**3/6 - t**2/2 + 3*t. Let h(o) be the first derivative of y(o). Give h(5).
2
Let h(s) = 89 + s**3 - 3*s - 85 - s - 4*s**2. Give h(4).
-12
Let b(a) = 3*a + 3. Let y = 22 - 24. Calculate b(y).
-3
Let r(n) be the second derivative of 0 - 3*n + 3/2*n**2 + 1/2*n**3 - 1/12*n**4. Give r(3).
3
Let u(m) = m**3 - 2*m**2 - 4. Let z = 8 - -1. Let y = -6 + z. What is u(y)?
5
Let n(m) = 2. Let w(x) = -x - 3. Let a(r) = -6*n(r) - 5*w(r). Calculate a(-2).
-7
Let n(o) = -o**2 - 5*o + 7. Suppose -22 = -22*d - 132. Calculate n(d).
7
Let k(z) be the second derivative of -13*z**4/12 + 13*z. Calculate k(-1).
-13
Suppose -2 - 2 = -l. Let s(j) = 3 - j**2 - 2*j**2 + 2*j + l*j**2 + j**3 + 2*j**2. What is s(-2)?
3
Let b be 4 - (-28)/(-1 + 5)*-1. Let h(y) = -2*y**2 - 4*y - 1. Calculate h(b).
-7
Let s(j) = 4*j + j - 2*j + 2 - 3. Determine s(2).
5
Let m(o) = -4*o**2 - 4*o - 2. Let p(d) = d**2 + d - 4. Let j(l) = -l**2 - l + 1. Let q(i) = -3*j(i) - p(i). Let n(a) = 4*m(a) + 9*q(a). Give n(-1).
1
Let r(d) = 4*d**2 + 3*d**2 + 2*d + d + d**3 + 9 - 16. What is r(-6)?
11
Let h(t) = 16*t + 16. Let a(w) = 3*w + 3. Let b(m) = -11*a(m) + 2*h(m). Determine b(-4).
3
Let b(l) be the second derivative of -l**4/24 + 7*l**3/6 - 5*l**2/2 + 3*l. Let c(n) be t